 factor of x and i.
9
Suppose 5*f = 2*y - 7*y + 90, -3*f = -15. Let r = 14 - 7. Suppose -3*j + o - y = -5*j, 3*j = -4*o + r. What is the greatest common divisor of j and 18?
9
Suppose -n - 389 = -5*p + 497, 3*p + 4*n = 527. Calculate the highest common divisor of 3 and p.
3
Suppose -4*y = -u - 200, 98 = -y + 3*y - u. Suppose -2*j = v - 4*j - 42, 0 = -5*v - 5*j + 150. What is the highest common factor of y and v?
17
Let b be 4/6 - 574/(-3). Let o be 8056/342 - (-4)/9. Calculate the highest common divisor of b and o.
24
Let j = 15 + 3. Suppose 5*o - 148 - 31 = t, -2*t - 106 = -3*o. Let i = 48 - o. What is the greatest common factor of j and i?
6
Suppose -6*c + 441 = c. What is the greatest common factor of c and 7?
7
Let d be 4 + -4 + (0 - 0). Suppose 5*f - 5 = d, -4*w + 52 + 1 = -3*f. What is the greatest common divisor of 2 and w?
2
Suppose -a - 18 = 4*n, -5*a + a = 4*n + 24. Let k be -25*n*2/20. Let s = 11 - k. What is the greatest common divisor of s and 8?
1
Suppose 156 = 11*a - 559. What is the greatest common factor of a and 845?
65
Let i be 2 + 7 - (-8 + 16). What is the highest common factor of i and 64?
1
Suppose 252 = -191*t + 197*t. Calculate the greatest common divisor of t and 105.
21
Suppose 3*k = -z + 16, 0 = -19*z + 15*z + k + 116. What is the greatest common factor of z and 476?
28
Let c be 1/(7/(-49)) + 13. Suppose 0*n = 5*n + 20. Let z = 20 - n. Calculate the greatest common divisor of c and z.
6
Suppose 2*j + 410 = 4*g - 224, -j = g - 160. Calculate the greatest common factor of g and 53.
53
Suppose -c = -4*u - 6, u - 2 = 6*c - 4*c. Let k be 21/2 - c/(-4). Suppose 4*p + 28 - 80 = -3*j, 0 = 5*p + 10. What is the highest common factor of k and j?
10
Let a be 1/2*(47 - 12)*2. What is the greatest common factor of 7 and a?
7
Let f(x) = -2*x**3 + 33*x**2 + 15*x + 46. Let i be f(17). What is the greatest common divisor of i and 270?
6
Let h(f) = -f**2 - 12*f - 6. Let w be h(-15). Let n be 8/6*w/(-34). What is the greatest common divisor of 3 and n?
1
Suppose 2*u - 220 = o, -2*u = -7*u + 3*o + 550. Calculate the greatest common divisor of u and 15.
5
Suppose 8 + 0 = 2*q. Let u be (-418)/7 + q/(-14). Let i be 288/u*90/(-4). Calculate the highest common divisor of 12 and i.
12
Suppose -w = n + 8, 5*n - 3*n = 2*w + 4. Let z = w - -10. What is the highest common divisor of 1 and z?
1
Let o(i) = i**3 + 5*i**2 - 5*i + 4. Let l be o(-6). Suppose 0 = -2*p + 7*p - 35. Let y be l/p + (-1976)/(-56). What is the highest common divisor of 7 and y?
7
Suppose -3*c = 6, 13 = 5*f - 3*c - 8. Suppose -5*n = 2*o + 8, -4 = 2*o - n + 4*n. Calculate the greatest common factor of o and f.
1
Suppose 2*p + a = -0*a + 59, -4*p + 119 = a. Let k(t) = -2*t**3 + t**2 - 4*t. Let o be k(-3). Calculate the greatest common divisor of o and p.
15
Let p(z) = 108*z - 6. Let r be p(1). Calculate the greatest common factor of r and 6.
6
Suppose -7*q + 4*h = -6*q - 78, 0 = 2*h - 2. What is the highest common divisor of q and 2?
2
Let w be -2*(-46)/4 + -1. Suppose 3*p - 30 = -0. Let g(v) = -v**2 + 6*v + 42. Let q be g(p). What is the greatest common divisor of q and w?
2
Let z be ((-28)/(-6))/((-10)/(-150)). What is the highest common factor of 56 and z?
14
Let f(r) = r**2 - 4*r + 5. Let l be f(5). Calculate the highest common divisor of l and 160.
10
Let z be 2736/532*1638/4. Calculate the greatest common divisor of 78 and z.
78
Suppose -128 = -5*n - 18. Let d be n*(1 - 12/8). Let h = d + 21. What is the greatest common divisor of 10 and h?
10
Suppose 4*f = 4*c + 48, 4*f + 0*c - 45 = 3*c. Let m = f + -6. Suppose 0 = -o - 2*j + 54, -m = -3*j + 3. Calculate the greatest common factor of 10 and o.
10
Let w(u) = -u**3 + 10*u**2 - 15*u + 10. Let s be w(8). Suppose 3*d = 5*k - 0*d - 92, k - d = s. What is the greatest common divisor of 209 and k?
19
Let u(w) = 29*w + 2. Let d be u(2). Suppose -16*q - 22 = -17*q - g, 0 = 4*q - g - 98. Calculate the highest common divisor of q and d.
12
Let s be ((-18)/4 - -2)*-6. Let k(r) = r**2 - 4*r - 8. Let z be k(6). Suppose q = z*q - 135. Calculate the highest common factor of q and s.
15
Suppose -168 - 438 = 2*b. Let d be (b/(-6))/1 - (-2)/(-4). What is the greatest common factor of 125 and d?
25
Let f be 9/(-15) - 116/(-10). Let s = 3 + 10. Suppose a - 2*i - s = 17, -3*a = -2*i - 74. Calculate the greatest common divisor of f and a.
11
Let u be (-544)/(-6) + (-140)/21 + 5. Calculate the greatest common factor of 89 and u.
89
Let o = 87 - 83. Let q be (-2 + o)*20/5. What is the highest common factor of q and 8?
8
Let y be (-22)/(-66) + (-766)/(-6). What is the greatest common factor of 96 and y?
32
Suppose 5*s - 860 = 2*b + 1165, 2*s - 810 = -5*b. Suppose -6 = -3*f - 5*r + s, 3*f + 4*r - 408 = 0. What is the highest common factor of 88 and f?
44
Let l be 8/4 - (-6 - -5). What is the highest common factor of 11 and l?
1
Let k = 38 + -46. Let i be ((-4)/k*-2)/((-1)/9). Calculate the greatest common divisor of i and 63.
9
Suppose -5*i = 288 - 1068. Suppose -10 = 5*x, 63*s - 59*s - x = 158. Calculate the greatest common divisor of i and s.
39
Let o(k) = 26*k - 4. Suppose 0 = 3*w + w - 16. Let g be o(w). Calculate the greatest common divisor of 10 and g.
10
Suppose o = 122 + 120. What is the highest common divisor of 11 and o?
11
Suppose -4*k + 2735 = -4333. What is the greatest common divisor of 19 and k?
19
Let f be 540/(-24)*2/(-3). Let n be (-12)/f + 1670/25. What is the greatest common divisor of 44 and n?
22
Suppose 4*k - 10 = 2*k. Suppose 0 = k*n - 5*j, 6*n - n + 5*j - 10 = 0. Calculate the greatest common divisor of 8 and n.
1
Let o be (0 + 22)*((-8)/4 + 4). What is the greatest common factor of o and 4?
4
Suppose 0 = 3*o + 2*j - 41, j + 27 - 22 = 0. Let l(q) = -50*q**3 - 2*q - 1. Let s be l(-1). What is the highest common factor of s and o?
17
Let l(i) = -i**3 + 12*i**2 - 12*i + 13. Let o be l(11). Suppose r + r + 3*g = 24, -32 = -o*r - 5*g. What is the highest common factor of r and 1?
1
Suppose 0 = -4*n + 2*z + 2720, 7*z = -3*n + 4*z + 2040. Calculate the greatest common divisor of n and 255.
85
Suppose 0 = 4*h - 4*d - 76, -4*h = -8*h - 2*d + 106. Let t be (-332)/(-3) - 808/303. What is the greatest common factor of h and t?
12
Suppose 1898 = 4*g - 2*g - 3*t, -3*g + 2845 = -4*t. What is the highest common factor of g and 41?
41
Let f be 1*10/15 + (-3643)/(-3). What is the greatest common divisor of 9 and f?
9
Let m = -76 - -174. Suppose -5*j + 9 + 11 = 0. Suppose j*k + 5 = -5*c + 87, 3*c = 5*k + 27. Calculate the highest common factor of m and c.
14
Suppose -8*t + 6898 = -9518. Calculate the greatest common factor of t and 76.
76
Let r(w) = -w**2 + 5*w + 2. Let x be r(5). Suppose -15 = x*t - 5*t. Let i = 73 - 63. What is the highest common factor of i and t?
5
Let x = -115 - -117. Suppose 4*l + 4*q = x*q + 870, -4*q = -4*l + 900. What is the greatest common divisor of 44 and l?
44
Let a be ((-1)/2)/((20/168)/(-5)). Calculate the highest common divisor of a and 21.
21
Let c(p) = 26*p + 4. Let x be c(-8). Suppose 333 = 2*h + 1093. Let z = x - h. Calculate the highest common divisor of 22 and z.
22
Let y be 3 - (10/25 + (-512)/5). Calculate the greatest common divisor of 45 and y.
15
Suppose -11*b + 2064 = -17*b. Let i be (2 - 3)/(1 - b/(-342)). What is the highest common factor of 19 and i?
19
Let p be ((-64)/6)/(-2*1/15). Let k = p + -71. Calculate the greatest common divisor of 144 and k.
9
Suppose 12 = -11*g + 8*g. Let l be (-129)/g + (-11)/44. What is the highest common factor of l and 48?
16
Let x be 104/(-12) + 4/6. Let d = x - -10. Suppose 5 = -5*n, 6*n - n - 35 = -d*b. Calculate the highest common factor of b and 8.
4
Let r be (-21)/((-63)/(-6))*-68. What is the highest common divisor of 1768 and r?
136
Let u(m) = -3*m + 96. Let j be u(0). Calculate the highest common factor of 432 and j.
48
Let h(b) = b**3 + 11*b**2 - 12*b - 6. Let p be h(-12). Let d(j) = 2*j**3 + 13*j**2 + j - 1. Let c be d(p). Calculate the highest common divisor of c and 232.
29
Suppose 0 = -5*y - 3*l + 251, 0 = 3*y - l - 63 - 96. Suppose 0 = -3*k + k + 26. What is the highest common factor of y and k?
13
Suppose 1961 = -8*f - 287. Let z = -161 - f. Calculate the highest common divisor of 15 and z.
15
Let w be 3*1 - (-7 + -114*3). Calculate the highest